*3 + 46*q**2 + 134*q - 51. Let a be h(-41). What is the highest common divisor of a and 88?
44
Suppose 95*z = -41*z + 2584. What is the highest common divisor of z and 1216?
19
Let l be (-2)/3 + (-1234)/(-6). Let x = -34221 - -34226. Calculate the highest common factor of l and x.
5
Let m be -13 + 11528/(12 - 4). Calculate the highest common divisor of m and 168.
84
Let v(r) be the first derivative of -239*r**2/2 - 173*r + 148. Let u be v(-3). What is the highest common factor of 64 and u?
32
Suppose -53 = -4*h - 5*k, -3*h + 0*k = 2*k - 45. Suppose -76 = -4*b - 4*w, 15*w - h*w = b - 19. Calculate the greatest common factor of 342 and b.
19
Suppose -50*p + 701 = -1299. What is the greatest common divisor of 344 and p?
8
Let f = 9 - -2. Let l(d) = d**2 - 12*d - 1. Let h be l(f). Let v be 26 - 7 - h/4. What is the highest common factor of v and 2?
2
Suppose 457 + 17726 = 9*u + 10*u. What is the greatest common factor of u and 1276?
319
Suppose -5*u - 455 = -5*h, 281 = 4*h + u - 88. Suppose 0 = -h*a + 89*a + 33. What is the greatest common divisor of a and 11?
11
Suppose 264*c - 165 = 259*c. What is the highest common factor of c and 7227?
33
Let z(c) = -103*c - 12*c**2 + 2*c**3 + 30 - 103*c + 214*c. Let a be z(7). Calculate the greatest common divisor of 69 and a.
23
Let o be 540*((-132)/(-20) - 5). Suppose -3*a + 182 = 4*c, -3*a = -5*a + 5*c + 83. Calculate the highest common factor of a and o.
54
Let o(q) = 336*q. Let i(h) = -67*h. Let x(v) = 16*i(v) + 3*o(v). Let u be x(-6). Suppose 8*c - u = 16. Calculate the highest common divisor of c and 75.
25
Let l be 135/315 + (-62)/14. Let a be (70/(-2))/(1/l). Suppose 4*w + 108 = 5*m, -2*m - 4*w + 20 + 12 = 0. Calculate the greatest common divisor of m and a.
20
Let q be -20*-1*1/4. Suppose 0 = t - q*p + 3 + 1, -p = -3*t + 16. Let l be ((-36)/10)/((-6)/40). What is the greatest common factor of t and l?
6
Let h(n) = 5*n**3 - 5*n**2 + n - 5. Let b be h(7). Calculate the greatest common divisor of 96 and b.
32
Let z = 21 - -3. Suppose z = 3*y - 111. Let u = y + -40. What is the highest common divisor of 40 and u?
5
Suppose 4*t - 556 = -l + t, -3*l + 1658 = -t. Suppose 7*a - 2058 + l = 0. What is the highest common divisor of 5 and a?
5
Let f = 358 + -347. Suppose -4*m = -3*m - x - f, m = -3*x + 27. Calculate the greatest common factor of 75 and m.
15
Let h(t) = -t**2 - 4*t + 59. Let o(k) = 3*k - 1. Let v(c) = h(c) + 6*o(c). Let s be v(17). Calculate the highest common factor of s and 15.
1
Suppose h + 2516 - 2575 = -b, 5*h + 4*b - 296 = 0. Let c(u) = 5*u**2 + 6*u - 5. Let g be c(-5). What is the highest common divisor of h and g?
30
Let a(p) = 12*p + 2924. Let z be a(-34). Calculate the highest common factor of 1184 and z.
148
Let f = 18 + 15. Let m = f - 27. Let c be 645/m - 2/(-4). What is the greatest common divisor of 72 and c?
36
Suppose 2*n + 5*c = -3*n + 10, -n = 4*c - 5. Let o = 3 - n. Suppose -348 + 498 = -677*b + 1504. What is the highest common factor of b and o?
2
Suppose 135 = -3*b + 495. Let f be (-34)/(-18) + (-57)/(-513). Suppose -3*c - f*c = -3*y - 628, c = 2*y + b. Calculate the highest common divisor of 32 and c.
32
Suppose 5*u = -165 - 320. Let d be -2*695/10*-1. Let v = u + d. Calculate the greatest common divisor of v and 28.
14
Let p(t) = -2*t**3 - 7*t**2 - 5*t - 32. Let s be p(-6). Let u = s - 25. Let x = -13 - -22. What is the greatest common divisor of u and x?
9
Let w be (2 + -1)/(4/4). Suppose w = -4*j + 29. Let o(x) = x**3 - 39*x**2 + 41*x - 37. Let f be o(38). What is the greatest common divisor of j and f?
7
Let d = -12914 - -13122. Let g be (0 - 1/(-1))*16. Calculate the greatest common divisor of g and d.
16
Let a(s) = 2*s**3 - 7*s**2 + 102*s - 715. Let h be a(11). Calculate the highest common factor of h and 77.
11
Let l = -3695 - -3751. Calculate the greatest common factor of l and 2506.
14
Let z = -4 - -5. Let r(w) = 4*w + 10. Let j be r(-4). Let t be 1/((-5)/(-11)) + j/30. What is the greatest common factor of z and t?
1
Let z(o) = 284*o - 1076. Let h be z(4). What is the greatest common factor of 1920 and h?
60
Let i(m) = 3*m**3 + 17*m**2 + 3*m + 3. Let u be i(-5). Suppose 285 = -3*h + 8*h. Suppose -h = -n - 2*n. What is the highest common divisor of n and u?
19
Let n be (2 + 0)/(-2) + 10. Let p(x) = 6*x - 223. Let g be p(-14). Let w = -298 - g. Calculate the greatest common factor of w and n.
9
Suppose -4*y - 4*j + 434 + 714 = 0, y = 4*j + 277. What is the highest common divisor of 266 and y?
19
Let q(v) = -v**2 - 14*v - 34. Suppose 5*p - 2*n = 223, 4*n - 19 = -3*p + 120. Let f = 36 - p. Let t be q(f). Calculate the highest common divisor of t and 11.
11
Let o(y) = 3*y + 360. Let k be o(15). Calculate the highest common divisor of k and 6615.
135
Let b = -11533 + 11896. What is the greatest common divisor of 275 and b?
11
Let s = -4820 - -4822. Let d be -3 + 71 + 0 + -4. Calculate the greatest common factor of s and d.
2
Suppose -46*l - 146*l + 1470 = 18*l. Calculate the greatest common factor of 26782 and l.
7
Let w be (-5 - -3)*3 + -44. Let m = w + 86. What is the highest common factor of 90 and m?
18
Let h(r) = -2*r**3 + 63*r**2 + 91*r + 288. Let k be h(33). Let w be ((-972)/(-45))/((-3)/(-20)). Calculate the greatest common factor of k and w.
24
Let i = -10 + 25. Let j = 71611 + -71496. Calculate the greatest common divisor of j and i.
5
Suppose 2*x + 46 = -z, -z = 3*x - 8*x + 46. Let u = z - -23. Let g(v) = -v**2 - 25*v - 22. Let p be g(u). What is the highest common divisor of p and 8?
8
Let j = -8563 - -8728. What is the highest common divisor of j and 345?
15
Let m(q) = -86 + 17*q + 6*q - 9*q. Let t be m(9). Suppose -3*j + 8*j - 50 = 0. Calculate the highest common divisor of j and t.
10
Let m be (-14)/(-56) + (-1 - (-3510)/8). Let z = -436 + m. Calculate the highest common divisor of 29 and z.
1
Let q(d) = -156*d - 6. Let j be q(1). Let o be (1/(-3))/((1/j)/1). Let k(v) = v**2 + 5*v + 6. Let y be k(-5). What is the highest common factor of o and y?
6
Let o be -8 + 7 - (-3 - (6 + 8 + -6)). Calculate the highest common divisor of o and 26470.
10
Let q = -135 + 219. Suppose 16 = -6*x - 2*x. Let p be x/9 - ((-328)/18 + 6). What is the greatest common factor of q and p?
12
Let i be 1508/78 - 19 - (2 - (-154)/(-6)). What is the greatest common divisor of 15888 and i?
24
Let i be 237/2 - (5/(-3) + (-37)/(-222)). Calculate the greatest common factor of 990 and i.
30
Let a = -20964 - -20984. What is the highest common factor of 645 and a?
5
Let z be (-1)/(3 + 264/(-87)). Suppose -7*f = -155 + z. Let d be 2 + (-5)/3 - (-282)/f. What is the greatest common factor of d and 8?
8
Let s(g) = -583*g - 12803. Let t be s(-22). Suppose -5*z + 5 = 0, 0*z = -5*v + z + 344. Calculate the highest common factor of t and v.
23
Let d(a) = 174*a - 315. Let n be d(3). Calculate the highest common divisor of n and 2.
1
Suppose 0 = -29*n + 70721 + 33418. What is the highest common factor of n and 285?
57
Let f = -11 + 14. Let k be 4 - (-5)/(40/82)*-8. Let h = k + 129. Calculate the highest common factor of h and f.
3
Let z be ((-768)/80)/((-33)/15 + 2). Calculate the greatest common factor of 264 and z.
24
Let c be (-52873)/(-111) - 10/(-15). Calculate the greatest common factor of 45 and c.
9
Let g be (-1834)/(-393)*(12/10)/(14/50). Calculate the greatest common factor of 44 and g.
4
Let z(t) = -t**2 - 27*t + 3. Let d be z(-30). Let h = d + 97. What is the highest common divisor of h and 430?
10
Let o = 173 + 22. Let a = -133 + o. Calculate the highest common divisor of 93 and a.
31
Suppose 0 = 33*l - 47*l + 2562. Calculate the greatest common factor of l and 3.
3
Let m be 57 - (7/((-280)/256) - 2/(-5)). Calculate the greatest common divisor of m and 105.
21
Suppose 214 + 1130 = 96*x. What is the greatest common factor of x and 49574?
14
Suppose -2*y + 76 = 68. Suppose 26 = y*m - 3*m + 3*b, 3*m - 50 = 5*b. What is the greatest common factor of 30 and m?
10
Suppose 3*s = s + 130. Let c(n) = -n**3 + 14*n**2 + 3. Let k be c(9). Let g = k + -395. Calculate the highest common divisor of s and g.
13
Let c be (-234)/(-2) - (1 + -2 - 3). Let g(r) = -r**2 + 17*r - 9. Let p be g(18). Let d = p + 38. Calculate the highest common factor of d and c.
11
Suppose -3*b + 6*b = -5*o + 92, -4*o = b